-9)). Suppose 87 = q*g - 5. What is the units digit of g?
3
Suppose 0 = -15*o - 51*o + 80652. What is the tens digit of o?
2
Suppose -1553 = 19*z - 6588. What is the tens digit of z?
6
Suppose 26*c + 1073 - 13371 = 0. What is the tens digit of c?
7
Let d = -7 - -11. Suppose -164 = -d*y + 188. What is the units digit of y?
8
Let l(x) = x**2 + 10*x + 1024. What is the hundreds digit of l(0)?
0
Let p(h) = 10*h**2 + 2*h - 5. Suppose -2*m - 6 + 0 = 0. What is the tens digit of p(m)?
7
Let c(t) = -t - 11. Let w be c(-10). What is the units digit of (15/6)/(w/(-2))?
5
Suppose 0 = -25*q + 17*q - 32. What is the units digit of (-5)/q - 13785/(-60)?
1
Let z(g) = -7 + 30*g - 22 - 17*g. What is the tens digit of z(7)?
6
What is the hundreds digit of (-2)/4 + (-4851)/(-22)?
2
Let c = 169 + -38. Let m = c + -75. Let i = m + -6. What is the units digit of i?
0
Suppose -k + 10 = 5. Suppose -k*a + 174 = -3*a. What is the tens digit of a?
8
Let g = -23 + 36. Let z = g - -15. What is the units digit of z?
8
What is the units digit of (-3 - -1)/(-8)*(-274984)/(-74)?
9
Let b = -5 - -8. Let t(a) = -7*a**b - a**2 + 0*a**2 + 3*a - 3*a. What is the units digit of t(-1)?
6
Let p(h) = -h - 1. Let y(t) = -12*t - 20. Let g(i) = 6*p(i) - y(i). What is the tens digit of g(9)?
6
Suppose -45953 - 45047 = -25*c. What is the thousands digit of c?
3
Let r be (-20)/50 - 54/(-10). Suppose 2*w + 374 = 7*u - 3*u, 4*u - 367 = -r*w. What is the units digit of u?
3
Let z(w) = 156 - 3*w - 156 + 0*w. Let h(v) = -v**2 + 6*v. Let l(u) = -4*h(u) - 7*z(u). What is the units digit of l(4)?
2
Let g(p) = p**2 + 29*p + 24. What is the units digit of g(10)?
4
Let c(a) = 12*a + 161. What is the hundreds digit of c(29)?
5
What is the tens digit of 7 + (2 - (7 + -360))?
6
Suppose 2*x = -3*v - 10, 3*x + 36 = -v + 7. What is the tens digit of x/(-44) + 10*(-374)/(-16)?
3
Suppose -2*i + 1592 = x, 9*i - 11*i + 1568 = -5*x. What is the hundreds digit of i?
7
Let j(d) = -d**3 - 5*d**2 - 5*d - 3. Let a be j(-3). What is the units digit of a/8*-4 + 51?
4
Let m(u) be the second derivative of u**4/12 + u**3/3 - u**2/2 - 9*u. Let t be m(0). Let y(c) = -35*c + 1. What is the units digit of y(t)?
6
Let k = -6 - -8. Suppose -k*m + 25 + 3 = 0. Let h = -4 + m. What is the tens digit of h?
1
Let z be 6/(12/14) - -3. Suppose -9*s = -4*s - z. Suppose y = -s*y + 51. What is the units digit of y?
7
Let z(y) = 62*y**2 - 11*y - 23. What is the units digit of z(7)?
8
Suppose 5*m = -25, 2*m = 4*q - 0*m - 2462. What is the tens digit of q?
1
Suppose 2*b = -5*k + 2309 + 1266, -5*b - 715 = -k. What is the tens digit of k?
1
Let x(j) = -j**3 - 3*j**2 - j + 1. Let m be x(-1). Suppose -3*r - 2*o + 128 = m, r - 3*o + 0*o - 28 = 0. What is the units digit of r?
0
Let r(m) = -m**3 + 8*m**2 - 6*m - 6. Let g be r(7). Let y be g + 1 + (-9 - -12). Let p = 21 + y. What is the units digit of p?
6
Let i(t) = t**3 - 13*t**2 - 14*t + 1. Let m be i(14). Let p be (-3)/(-12)*74*2. Suppose 2*g - p = m. What is the tens digit of g?
1
Let u(t) = -t**2 - 5*t + 1. Let g be u(-3). Let v(p) = 11 + 8*p + 12*p - 19*p. What is the tens digit of v(g)?
1
Suppose 0 = -17*u + 784 + 2004. What is the units digit of u?
4
Suppose -2*p - 28 = 2*w, 5*p + 11 = 5*w - 19. Suppose 6 = -s + 2, -u + 6 = 2*s. Let o = p + u. What is the units digit of o?
4
Let m = -2 - -3. What is the tens digit of (m/(-3) - -2)*30?
5
Suppose 0*v - 6 = 3*v. Let t(k) = 38*k**3 - k - 2. Let u be t(-1). What is the units digit of -2 + v/1 - u?
5
Suppose -10*l + 7*l + 3175 = -4*f, -3*l = -3*f - 3174. What is the hundreds digit of l?
0
Suppose 65 = -p - 4*l + 1618, 8 = 2*l. What is the tens digit of p?
3
Let v(x) = 9*x + 7. Let t(r) be the first derivative of r**3/3 + r**2 - 3*r - 2. Let c be t(2). What is the tens digit of v(c)?
5
What is the thousands digit of (4 - -2)*12275/50?
1
Suppose 0 = 2*z - 7*z + 15, 2*z - 9 = -t. Suppose b = -t*b + 36. Let p(r) = -r**2 + 10*r. What is the units digit of p(b)?
9
Let h(y) = -31*y - 563. What is the thousands digit of h(-60)?
1
Let r(f) = -f**3 - 7*f**2 + 2. Let z be r(-7). Let x(p) = 8*p**2 - 3*p + 1. Let o be x(z). Suppose -4*t = -3*t - o. What is the tens digit of t?
2
Suppose -12*p + 23640 = 4*b - 16*p, 0 = b + 3*p - 5902. What is the thousands digit of b?
5
Let d(u) = 20*u + 7*u**2 - 4*u + 31 - 6*u. What is the hundreds digit of d(-4)?
1
Suppose -2*i + 3*u = 3*i + 114, 34 = -i - 5*u. Let v = 21 + i. Let r(s) = s**3 + 5*s**2 - 4*s - 3. What is the units digit of r(v)?
7
Let f(o) be the third derivative of o**4/8 + 31*o**3/6 + 32*o**2. What is the tens digit of f(19)?
8
Let t(p) be the first derivative of p**3/3 - p**2 + 3*p + 4. Let i be t(2). Suppose 0*q = i*q - 33. What is the tens digit of q?
1
Let a(y) = 2*y - 31. Let n(k) = -9*k - 12. Let c be n(-4). What is the tens digit of a(c)?
1
Let v(k) = 4*k**2 - 3. Let i be v(3). Suppose -3*s - 5*o = -6*s + 51, 5*s = -4*o + 85. Let q = s + i. What is the tens digit of q?
5
Suppose 2*j - 56 = j. Suppose -c = -4*u - 3*c + 30, 4*u - 45 = -5*c. Suppose j = u*x - x. What is the tens digit of x?
1
Suppose -9 = -2*c + 5. Let f = c - 3. Suppose 0*q + f = 4*q. What is the units digit of q?
1
Let y(c) = c + 11. Let b be y(-7). Suppose -b = -p + 3*f, -7 = -5*p - 2*f - 4. What is the units digit of p?
1
Let o be (0 - (2 + 28))*6/(-10). Suppose -2*i + 124 = 12. Suppose -3*p + 3*y - o = -72, -3*p = -y - i. What is the tens digit of p?
1
Let y = -1 + 9. Suppose -x - x = -y. What is the units digit of (7 - 9)*(-10)/x?
5
Suppose -4251 + 940 = -7*k. What is the tens digit of k?
7
Let o(b) = b**3 + 6*b**2 - 5*b + 2. Let s be o(-7). Let w(v) = -6*v - 16. What is the tens digit of w(s)?
5
Suppose -12*q - 58 = -4594. What is the tens digit of q?
7
Let n(g) = 36*g + 18. Let z be n(6). Suppose -729 + z = 5*l. What is the tens digit of l/(-6) - (-2)/(-4)?
1
Let d(p) = -104*p. Let z be d(-2). Suppose z = 3*s - 569. What is the tens digit of s?
5
Suppose 411 = 9*q - 228. What is the units digit of q?
1
Suppose -8*h = -76*h + 44812. What is the hundreds digit of h?
6
Suppose 2*i + 119 = 785. What is the hundreds digit of i?
3
Let c = -2990 - -4380. What is the units digit of c?
0
Let z(m) = -m**3 + 34*m**2 - 40*m - 47. What is the tens digit of z(23)?
5
Let m(z) = 6*z - 6. Let y be m(6). Suppose 4*q = y + 10. Suppose 4 - q = -b. What is the units digit of b?
6
Let j be 1*((-52)/2)/(-2). Let l = 16 - j. Suppose -4*f + 47 = l*q, -59 + 25 = -2*f + 2*q. What is the tens digit of f?
1
Suppose 3*v = 5*k + 2*v - 2034, 0 = v - 1. What is the units digit of k?
7
Let c be 1/3*3*47. Suppose -2*r + c = 3*q, -2*r + 4*q - 2*q + 22 = 0. What is the tens digit of r?
1
Let z(h) = 250*h + 17. Let q(a) = 125*a + 8. Let u(k) = -5*q(k) + 2*z(k). What is the tens digit of u(-2)?
4
Let w be (-2)/7*(-20 - 1). Suppose -2*a - 210 = -w*a - r, 0 = -5*a - 2*r + 264. What is the units digit of a?
2
Let z be -4 + (-12)/(-2) - 230. What is the tens digit of (1/(-3))/(4/z)?
1
Let j = -1265 - -1790. What is the units digit of j?
5
Let u be (-86)/8 + (-7)/28. Let t = u + 14. Suppose 3*p - 34 = -p - r, -39 = -5*p - t*r. What is the units digit of p?
9
Suppose i - 251 = -5*v, 0 = -4*i - 4*v + 780 + 160. What is the units digit of i?
1
Let i = -90 - -46. Let j = -16 - i. What is the units digit of j?
8
Let f(o) = o**3 - 8*o**2 - 9*o - 4. Suppose 2*j = 21 - 3. Let c be f(j). What is the tens digit of c*58*(-3)/24?
2
Let r = 2398 + -1446. What is the hundreds digit of r?
9
Let g(m) be the third derivative of -7*m**6/720 + m**5/60 + m**4/4 - 8*m**2. Let p(q) be the second derivative of g(q). What is the units digit of p(-4)?
0
Suppose -2*n - 8 = 3*f - 0*f, 2*f - 3*n = 12. Suppose b - 270 = -j + 4*b, f = 5*j - 3*b - 1362. What is the units digit of (-48)/14*j/(-26)?
6
Let j(a) = 2070*a + 9. What is the tens digit of j(1)?
7
Suppose 119 = 2*b + 7. Suppose b - 10 = k. What is the units digit of k?
6
Let p = -272 - -381. What is the hundreds digit of p?
1
What is the tens digit of 43/15 - 3 - (-22174)/30?
3
Let r be 1/(76/20 - (-8)/(-2)). Let u(g) = 2*g**2 - 3*g + 16. What is the units digit of u(r)?
1
Suppose 3*d = -3*v - 0*v + 87, -4*v - 3*d + 113 = 0. Suppose c - v = 4*u, -c = 3*u + 4*c + 8. Let n = u - -9. What is the units digit of n?
3
Let i = 646 + -512. Let d(